se
Is 10 a factor of 6807?
False
Is 3 a factor of 8512?
False
Is 37 a factor of 526?
False
Is 62 a factor of 2976?
True
Is 2 a factor of 319?
False
Is 6 a factor of 2463?
False
Is 10 a factor of 147?
False
Does 16 divide 16134?
False
Does 7 divide 60732?
True
Is 270 a multiple of 45?
True
Does 19 divide 137?
False
Is 786 a multiple of 23?
False
Is 384 a multiple of 43?
False
Is 102 a multiple of 17?
True
Does 180 divide 21420?
True
Is 5422 a multiple of 31?
False
Is 5 a factor of 730?
True
Is 515 a multiple of 13?
False
Is 609 a multiple of 3?
True
Does 24 divide 144?
True
Does 289 divide 21636?
False
Is 7367 a multiple of 139?
True
Does 78 divide 468?
True
Is 4309 a multiple of 6?
False
Is 15383 a multiple of 8?
False
Does 35 divide 28455?
True
Is 22 a factor of 88?
True
Is 128 a factor of 84611?
False
Is 20 a factor of 4145?
False
Is 985 a multiple of 19?
False
Is 90 a factor of 6937?
False
Is 3465 a multiple of 18?
False
Does 66 divide 66?
True
Is 129 a factor of 20898?
True
Is 4 a factor of 55234?
False
Does 2 divide 41?
False
Is 9 a factor of 52?
False
Does 5 divide 2145?
True
Is 5712 a multiple of 2?
True
Is 139 a factor of 2134?
False
Is 38 a factor of 399?
False
Is 7 a factor of 2770?
False
Does 10 divide 750?
True
Is 22 a factor of 924?
True
Does 9 divide 7092?
True
Does 289 divide 74562?
True
Does 21 divide 7149?
False
Is 105 a factor of 420?
True
Is 52 a factor of 5972?
False
Is 28 a factor of 62?
False
Is 47 a factor of 1152?
False
Is 14378 a multiple of 17?
False
Is 1335 a multiple of 5?
True
Is 19 a factor of 684?
True
Is 29536 a multiple of 71?
True
Is 4 a factor of 553?
False
Does 11 divide 121?
True
Is 3376 a multiple of 6?
False
Is 13 a factor of 3037?
False
Is 3 a factor of 360?
True
Is 561 a multiple of 3?
True
Is 5 a factor of 731?
False
Does 19 divide 114?
True
Is 31 a factor of 18709?
False
Is 273 a multiple of 45?
False
Is 360 a multiple of 12?
True
Does 7 divide 814?
False
Does 16 divide 28800?
True
Does 255 divide 91077?
False
Is 45 a factor of 32772?
False
Is 1266 a multiple of 211?
True
Is 17 a factor of 1472?
False
Is 228 a factor of 43776?
True
Does 16 divide 1312?
True
Is 6 a factor of 691?
False
Is 2196 a multiple of 6?
True
Is 17 a factor of 136?
True
Is 18 a factor of 4241?
False
Is 8553 a multiple of 7?
False
Does 32 divide 288?
True
Does 28 divide 44128?
True
Is 38 a factor of 12219?
False
Is 3 a factor of 419?
False
Is 1216 a multiple of 152?
True
Does 14 divide 626?
False
Is 4 a factor of 362?
False
Is 91 a multiple of 2?
False
Is 11505 a multiple of 59?
True
Is 70 a multiple of 4?
False
Does 20 divide 2907?
False
Does 19 divide 3268?
True
Is 114 a multiple of 38?
True
Is 5 a factor of 345?
True
Is 2040 a multiple of 17?
True
Does 29 divide 324?
False
Does 4 divide 184?
True
Is 720 a multiple of 45?
True
Is 23 a factor of 686?
False
Is 4494 a multiple of 7?
True
Does 38 divide 304?
True
Does 37 divide 37?
True
Does 16 divide 1184?
True
Is 15 a factor of 56025?
True
Is 13244 a multiple of 44?
True
Is 11 a factor of 4719?
True
Is 332 a multiple of 4?
True
Is 16 a factor of 415?
False
Is 1845 a multiple of 45?
True
Is 15 a factor of 1665?
True
Is 2447 a multiple of 120?
False
Is 188 a factor of 7348?
False
Does 3 divide 871?
False
Is 82 a factor of 1318?
False
Does 41 divide 3731?
True
Is 16 a factor of 1968?
True
Is 5 a factor of 55?
True
Is 495 a multiple of 15?
True
Is 5 a factor of 215?
True
Is 67 a factor of 536?
True
Is 2 a factor of 150?
True
Does 22 divide 2541?
False
Is 19685 a multiple of 7?
False
Is 752 a multiple of 16?
True
Is 21 a factor of 178?
False
Does 9 divide 1868?
False
Is 16 a factor of 45?
False
Does 30 divide 4380?
True
Is 35208 a multiple of 376?
False
Does 25 divide 2371?
False
Is 4529 a multiple of 31?
False
Is 15944 a multiple of 8?
True
Is 118 a multiple of 11?
False
Does 41 divide 39090?
False
Does 73 divide 7519?
True
Does 7 divide 6137?
False
Is 28 a factor of 56?
True
Does 7 divide 110?
False
Is 16 a factor of 1726?
False
Does 67 divide 26934?
True
Does 59 divide 8398?
False
Does 13 divide 2261?
False
Is 544 a multiple of 4?
True
Is 5280 a multiple of 11?
True
Is 2 a factor of 64?
True
Is 416 a multiple of 20?
False
Is 28 a factor of 28265?
False
Does 4 divide 6392?
True
Is 53 a factor of 9593?
True
Is 62 a factor of 735?
False
Is 868 a multiple of 14?
True
Is 31 a factor of 1015?
False
Is 37280 a multiple of 20?
True
Is 211 a factor of 196863?
True
Is 175 a factor of 2275?
True
Is 10962 a multiple of 126?
True
Is 6 a factor of 1530?
True
Does 2 divide 517?
False
Is 583 a multiple of 18?
False
Is 6 a factor of 7156?
False
Is 17 a factor of 24344?
True
Is 5 a factor of 311?
False
Does 18 divide 1584?
True
Is 20 a factor of 518?
False
Does 7 divide 2898?
True
Does 103 divide 1193?
False
Is 22 a factor of 422?
False
Does 15 divide 1050?
True
Does 2 divide 1518?
True
Is 3 a factor of 523?
False
Is 3978 a multiple of 269?
False
Is 195 a factor of 1560?
True
Is 7 a factor of 301?
True
Is 21 a factor of 483?
True
Does 17 divide 287?
False
Is 39 a factor of 177?
False
Is 15021 a multiple of 9?
True
Does 48 divide 268?
False
Does 28 divide 578?
False
Is 128 a multiple of 16?
True
Does 28 divide 9380?
True
Is 1960 a multiple of 19?
False
Does 16 divide 4197?
False
Is 58 a factor of 2627?
False
Is 19 a factor of 15089?
False
Is 52 a factor of 1303?
False
Is 25 a multiple of 5?
True
Is 13 a factor of 83?
False
Is 2591 a multiple of 83?
False
Does 12 divide 83734?
False
Is 8990 a multiple of 145?
True
Is 6 a factor of 3763?
False
Does 27 divide 2970?
True
Is 5448 a multiple of 48?
False
Is 34897 a multiple of 58?
False
Does 54 divide 31708?
False
Is 5 a factor of 974?
False
Is 7 a factor of 364?
True
Is 107 a multiple of 8?
False
Is 36 a factor of 23436?
True
Is 6845 a multiple of 5?
True
Is 7 a factor of 45198?
False
Is 110 a factor of 1980?
True
Is 6 a factor of 138?
True
Is 89537 a multiple of 15?
False
Is 2 a factor of 298?
True
Does 88 divide 152604?
False
Is 3 a factor of 5465?
False
Does 9 divide 620?
False
Is 19375 a multiple of 125?
True
Does 160 divide 66080?
True
Does 39 divide 8123?
False
Is 780 a multiple of 30?
True
Is 663 a multiple of 17?
True
Is 4817 a multiple of 6?
False
Is 7028 a multiple of 14?
True
Is 14 a factor of 126420?
True
Is 75 a factor of 141750?
True
Is 105 a factor of 10691?
False
Is 9 a factor of 2454?
False
Is 135 a factor of 2177?
False
Is 167751 a multiple of 19?
True
Does 9 divide 69965?
False
Is 398 a multiple of 36?
False
Is 8 a factor of 840?
True
Is 106 a factor of 57712?
False
Does 55 divide 597?
False
Does 12 divide 16608?
True
Is 1547 a multiple of 11?
False
Is 20 a factor of 23610?
False
Is 28 a factor of 9511?
False
Is 23607 a multiple of 15?
False
Is 11220 a multiple of 60?
True
Does 24 divide 8160?
True
Does 30 divide 70?
False
Is 26 a factor of 3329?
False
Is 12 a factor of 7856?
False
Is 12 a factor of 1206?
False
Does 7 divide 3185?
True
Does 18 divide 3186?
True
Is 8 a factor of 112?
True
Is 196 a multiple of 27?
False
Does 41 divide 123?
True
Is 14 a factor of 69?
False
Is 25 a factor of 3428?
False
Does 22 divide 3344?
True
Does 35 divide 505?
False
Is 13610 a multiple of 27?
False
Is 26 a factor of 2028?
True
Is 2 a factor of 705?
False
Does 5 divide 138?
False
Is 118 a factor of 2478?
True
Does 61 divide 610?
True
Does 32 divide 1888?
True
Is 37752 a multiple of 121?
True
Is 1362 a multiple of 44?
False
Is 74820 a multiple of 87?
True
Does 38 divide 3382?
True
Is 5360 a multiple of 40?
True
Is 32643 a multiple of 8?
False
Is 6 a factor of 894?
True
Does 21 divide 63?
True
Does 7 divide 31144?
False
Is 74 a factor of 17752?
False
Does 7 divide 2177?
True
Is 9966 a multiple of 5?
False
Is 212 a factor of 35715?
False
Is 12 a factor of 2040?
True
Is 163 a factor of 3042?
False
Is 108 a multiple of 18?
True
Does 51 divide 68391?
True
Is 94 a factor of 12025?
False
Is 8 a factor of 1088?
True
Is 42 a factor of 1974?
True
Is 19 a factor of 95?
True
Is 504 a multiple of 8?
True
Is 169 a multiple of 13?
True
Is 15 a factor of 285?
True
Is 27 a factor of 2133?
True
Is 1830 a multiple of 10?
True
Is 176 a multiple of 8?
True
Does 17 divide 867?
True
Is 1496 a multiple of 17?
True
Is 15 a factor of 35693?
False
Does 13 divide 1647?
False
Do